 the highest common divisor of 107141745 and 15?
15
Calculate the greatest common factor of 34393 and 984031.
163
What is the greatest common divisor of 116325 and 901350?
225
What is the highest common divisor of 84 and 413648088?
84
What is the greatest common factor of 424 and 5368052?
212
What is the highest common divisor of 22 and 100843413?
11
What is the highest common divisor of 150 and 12555000?
150
Calculate the greatest common divisor of 414380790 and 9.
9
Calculate the highest common factor of 416668 and 1375522.
1294
Calculate the highest common divisor of 327684 and 16450.
658
Calculate the greatest common divisor of 7611 and 502503.
177
What is the highest common divisor of 316 and 35844275?
79
Calculate the greatest common divisor of 13689 and 1442415.
507
What is the highest common factor of 95408 and 188146?
178
Calculate the highest common divisor of 429 and 3445013.
143
Calculate the greatest common factor of 3353650 and 150.
50
What is the greatest common divisor of 2192544 and 109664?
736
Calculate the highest common divisor of 217623 and 4313659.
1687
What is the greatest common factor of 26827827 and 39?
39
What is the highest common divisor of 5387540 and 40?
20
What is the highest common factor of 8964203 and 3056?
191
What is the highest common factor of 8201 and 1250387?
59
Calculate the greatest common factor of 48 and 29927268.
12
Calculate the greatest common divisor of 800 and 67824.
16
What is the highest common factor of 5778 and 47448294?
642
What is the greatest common divisor of 22357 and 25438?
79
Calculate the highest common divisor of 2240032 and 6944.
32
What is the greatest common factor of 178 and 69517811?
89
What is the highest common divisor of 18215538 and 2494?
58
Calculate the greatest common divisor of 2695778 and 356861.
2273
Calculate the highest common factor of 3801 and 29872421.
181
Calculate the greatest common factor of 62192 and 9798529.
299
What is the highest common factor of 33891404 and 612?
68
What is the highest common divisor of 71569840 and 37?
37
Calculate the greatest common divisor of 20387 and 96251.
29
Calculate the highest common divisor of 80265 and 10359536.
5351
Calculate the greatest common divisor of 508592 and 752.
16
Calculate the greatest common divisor of 347728 and 40.
8
What is the highest common divisor of 13340010 and 230?
10
Calculate the greatest common divisor of 7220 and 6772.
4
What is the highest common divisor of 17092101 and 78?
39
What is the highest common divisor of 2428008 and 1309?
187
Calculate the highest common divisor of 274870 and 1090.
10
What is the greatest common factor of 825 and 1219449?
33
Calculate the highest common factor of 65373 and 786457.
1981
Calculate the highest common divisor of 261 and 486531.
9
Calculate the highest common factor of 217182 and 3129.
21
What is the greatest common divisor of 158525300 and 200?
100
What is the highest common factor of 22685902 and 2?
2
What is the highest common factor of 153 and 18133?
1
Calculate the highest common divisor of 36927 and 2730816.
99
Calculate the highest common divisor of 7988 and 28612.
4
What is the greatest common divisor of 10 and 1708841?
1
What is the highest common divisor of 21144 and 157272?
24
Calculate the highest common factor of 48222914 and 51.
17
What is the highest common divisor of 960465 and 8525?
55
What is the greatest common divisor of 20 and 1601888190?
10
Calculate the highest common factor of 8757 and 341397.
63
Calculate the greatest common divisor of 110430866 and 299.
299
Calculate the greatest common factor of 126 and 1649060.
14
Calculate the highest common factor of 1391 and 14559467.
13
Calculate the greatest common divisor of 190092 and 374108.
868
Calculate the highest common divisor of 3177 and 80484.
1059
What is the highest common divisor of 1093579457 and 1941?
647
What is the highest common factor of 1926 and 94266?
18
Calculate the greatest common factor of 12222964 and 8164.
52
Calculate the greatest common divisor of 99414317 and 17.
17
Calculate the greatest common divisor of 358941 and 1398067.
1639
Calculate the highest common divisor of 502 and 7916.
2
Calculate the highest common factor of 566 and 193586150.
566
Calculate the greatest common factor of 38019 and 29436711.
2001
What is the greatest common factor of 30 and 380227500?
30
Calculate the highest common divisor of 21004049 and 814.
407
Calculate the greatest common divisor of 64445 and 15780.
5
What is the greatest common divisor of 139177746 and 36?
18
What is the highest common divisor of 1376 and 16430816?
1376
Calculate the greatest common factor of 3726964 and 1068.
356
Calculate the greatest common factor of 3124 and 3942914.
142
What is the highest common divisor of 2249 and 52977098?
173
What is the greatest common factor of 630 and 1115145?
45
Calculate the highest common divisor of 29227500 and 18750.
3750
Calculate the greatest common divisor of 5554258 and 12438.
1382
Calculate the greatest common factor of 11580058 and 21.
7
What is the greatest common divisor of 2361 and 2823?
3
Calculate the highest common factor of 16208260 and 393460.
3820
Calculate the highest common factor of 1066 and 69667.
13
What is the highest common factor of 3563807036 and 1564?
1564
What is the greatest common factor of 73950 and 991075?
725
What is the greatest common divisor of 4075 and 5282830?
815
Calculate the highest common divisor of 4602 and 1252530942.
4602
What is the highest common divisor of 16478184 and 2616?
2616
Calculate the highest common factor of 16781249 and 622.
311
What is the greatest common factor of 15694 and 717794?
826
What is the highest common factor of 48983 and 2335751?
671
Calculate the highest common divisor of 697 and 7327.
17
What is the highest common divisor of 1243586 and 4453406?
1754
What is the highest common divisor of 2783 and 28679827?
253
What is the highest common divisor of 3250 and 1877200?
650
What is the highest common divisor of 289716 and 14889?
21
Calculate the greatest common divisor of 14 and 661440570.
14
What is the greatest common divisor of 34345 and 56?
1
What is the highest common factor of 320 and 46215360?
320
Calculate the highest common divisor of 167909460 and 20.
20
Calculate the highest common divisor of 142454778 and 159.
159
Calculate the highest common factor of 961 and 9207.
31
What is the greatest common divisor of 85057 and 2098411?
203
Calculate the greatest common divisor of 14276795 and 2355.
785
What is the greatest common factor of 5160 and 21580840?
1720
What is the highest common divisor of 1264682 and 3428770?
3446
What is the highest common factor of 452491 and 6110?
13
Calculate the greatest common factor of 1003860 and 170235.
1755
Calculate the greatest common factor of 640495 and 685.
5
What is the highest common factor of 99784476 and 2772?
396
What is the highest common divisor of 1181771100 and 2700?
2700
What is the greatest common factor of 550678 and 10?
2
What is the highest common divisor of 123554 and 414183?
163
Calculate the highest common factor of 36067337 and 964.
241
Calculate the highest common divisor of 5503140 and 3612.
516
Calculate the highest common factor of 1449344 and 176.
16
Calculate the highest common divisor of 690 and 1184431.
23
Calculate the highest common divisor of 75 and 42410575.
25
What is the greatest common divisor of 415160 and 49220?
2140
Calculate the greatest common factor of 1055610 and 669996.
666
Calculate the highest common factor of 85809373 and 377.
13
What is the highest common divisor of 11 and 5982309?
1
Calculate the highest common factor of 263054 and 841338.
2174
Calculate the highest common divisor of 567814350 and 150.
150
What is the greatest common factor of 44856 and 5814726?
534
What is the highest common factor of 226686258 and 36?
18
Calculate the highest common divisor of 560692 and 242.
22
Calculate the greatest common factor of 55691 and 922.
1
What is the greatest common divisor of 1169965299 and 1769?
1769
What is the greatest common divisor of 1243875 and 31050?
75
Calculate the highest common factor of 166730732 and 83.
83
Calculate the highest common factor of 36162 and 25845246.
882
Calculate the highest common facto